 of m?
1
Let n = -136 + 139. Suppose n*p - 438 - 105 = 0. What is the units digit of p?
1
Let k = 10 + 196. Suppose -k - 3 = -11*l. Let w = l + 57. What is the tens digit of w?
7
Let k(s) = -55*s**2 + 73*s**2 + 69*s**2 - 2*s + 1. Let m be k(1). Suppose 3*w - 112 = m. What is the tens digit of w?
6
Let j be 100*(1 + 25/20). What is the hundreds digit of (-44)/66*j*-3?
4
Let c be 2/6*(2 + -5)*-2. Let v(b) = -17*b**c - 58 + 76*b**2 + 2*b + 56. What is the units digit of v(1)?
9
Suppose -2*b + 15188 + 51074 = 0. What is the thousands digit of b?
3
Let t = -126 - -138. Let o(f) = -f**3 + 11*f**2 + 15*f - 15. Let b be o(t). Suppose -275 - b = -4*d. What is the units digit of d?
4
Suppose 164585 = 34*a + 34631 - 884572. What is the units digit of a?
9
What is the tens digit of (-3)/(-5) - (-3234224)/335?
5
Let x(l) = -157 + 38*l + 110*l + 122 - 25*l. What is the units digit of x(6)?
3
Let z = 311 - 183. What is the units digit of 21328/z + 3/8?
7
Suppose 1 = y, -2*i + 12609 + 18902 = y. What is the units digit of i?
5
Suppose 857*m = 839*m + 1271430. What is the tens digit of m?
3
Let w(f) = -f**2 - 6*f + 13. Let c be w(3). Let s(h) = -h**3 - 11*h**2 + 28*h + 21. What is the hundreds digit of s(c)?
2
Let y(i) = 3*i + 3. Suppose 3*h + 11*k = 13*k - 10, 4*k = -3*h + 20. What is the units digit of y(h)?
3
Suppose 3*i - 166 = 3*s + 698, -i - 1177 = 4*s. Let a = 467 + s. What is the hundreds digit of a?
1
Let h(i) = i**3 + 22*i**2 + 11*i - 27. Let t = 856 - 874. What is the units digit of h(t)?
1
What is the units digit of (-153)/(-357) + (-111)/(-42)*12226?
2
Suppose -2*r - 5*p + 20317 = 0, 5*r + 2*p = 26889 + 23935. What is the hundreds digit of r?
1
Let x be 2/(-3) + (176/3 - 1). Let v = x + -57. Suppose v = 5*h + 59 - 389. What is the units digit of h?
6
Let s be (-1)/(-4) - (-1)/((-4)/(-247)). Let b = s - 57. Suppose -5*r - 189 = -2*c - 2*c, -c + b*r + 51 = 0. What is the units digit of c?
6
Let u(t) = -11*t + 1050. What is the units digit of u(37)?
3
Let x(j) = -j**3 - 12*j**2 + 34*j - 9. Let g(q) = 12*q - 3. Let r be g(-1). What is the units digit of x(r)?
6
Let g = 3014 - 2089. Let n = g + -577. What is the hundreds digit of n?
3
Suppose -2*t = 3*s - 28180, 5*s + 7*t = 10*t + 46954. What is the tens digit of s?
9
Let i(t) = -2 - 11*t**2 - 4 + 2 + 22*t + 12*t**2. Let w be i(-22). What is the units digit of 4 + (67 - 0) + w?
7
Let c = 12319 - 8725. Suppose -5*v + 5*d + 5440 = 0, 5*v - d - c = 1838. What is the units digit of v?
6
Let w = 1439 + 923. What is the hundreds digit of w?
3
Let w(x) = -x**2 + 1. Let h(o) = 5*o**2 - 13*o - 32. Let j(a) = -h(a) - 6*w(a). Let l be j(-7). Let m = 2 - l. What is the units digit of m?
8
Let g(b) = b**2 + 5*b - 4. Let u(v) = -v**2 - 17*v - 6. Let r be u(-17). Let a be g(r). What is the hundreds digit of ((-5)/10)/(a/404)*-1?
1
Suppose -18*b + 295239 = 72051 - 132564. What is the ten thousands digit of b?
1
Let g be (-105)/(-9) - 0 - (-4)/(-6). Let l(p) = -p**3 + 12*p**2 + 3*p - 16. Let d be l(g). Suppose d = -8*u + 11*u. What is the tens digit of u?
4
Suppose -3*t + 10339 = -3*o - 12167, 3*o + 15007 = 2*t. What is the hundreds digit of t?
4
Let v = 265 + 7. Suppose 3*x = 4*k + 400, 18 + v = 2*x + 2*k. What is the hundreds digit of x?
1
Let v(p) = 28*p - 4. Let i be v(-6). Let h(f) = f**3 - 8*f**2 + 4*f - 319. Let c be h(0). Let g = i - c. What is the tens digit of g?
4
Suppose -4*r + u = -12820, -17 = 4*u - 1. Let x = -1313 + r. What is the tens digit of x?
9
Let l = 69 - 69. Suppose l = -3*y + 2*b + 17, 3*y + 4*b = 4*y + 11. What is the units digit of y?
9
What is the hundreds digit of (-21 + 2/(-2))*(-380 - (5 - 6))?
3
Suppose -250*r + 7924238 + 5531901 = 274139. What is the thousands digit of r?
2
What is the tens digit of (87146/(-10) - (74 - 83))/(2/(-5))?
6
Let b(j) = -144 + 17*j**2 + 2*j**3 + 2*j**3 - 5*j**3 - 5*j + 133. What is the units digit of b(14)?
7
Let a = -46 - -48. Suppose a*i - 5*i + 6 = o, i + 110 = 5*o. Suppose 4*r = 3 + o. What is the units digit of r?
6
Let d(o) be the third derivative of 3*o**4/4 + 37*o**3/6 - 16*o**2. Let n(v) = -11*v - 58. Let g be n(-6). What is the hundreds digit of d(g)?
1
Suppose 0 = 7*m - 913 - 2944. Let i = 47 + m. What is the units digit of i?
8
Let i = 37990 - 16221. What is the hundreds digit of i?
7
Suppose 5*x + 5*t = t - 21, 2*x + 10 = -2*t. Let v be (3/5)/(x*2/10). What is the tens digit of 1 + (26 - v - (-3 + 2))?
3
Let i(d) = 67*d**2 + 14*d + 10. Let c be i(-6). What is the units digit of 392/48 + -8 + c/12?
5
What is the hundreds digit of (377766/(-21))/(-2) - 93/217?
9
What is the ten thousands digit of ((-102)/4)/(4098/820 - (-75 + 80))?
1
Suppose -44*l + 31188 = -32612. What is the units digit of l?
0
Let z(h) = h**3 - 6*h**2 + 6*h - 11. Let f be z(5). Let q be -3*8/6 - f. Suppose -q*t = -i + 3*t + 137, -5*i + 685 = 4*t. What is the units digit of i?
7
Let r be -1104 - ((-56)/(-7) + -4). Let j = r + 1585. What is the hundreds digit of j?
4
Suppose -775663 - 773085 = -63*h - 285031. What is the thousands digit of h?
0
Suppose 595014 = 114*j - 21*j. What is the units digit of j?
8
Suppose 59*h = 54*h + 15. Suppose -2*d + 4*v + 962 = 0, -h*v + 0*v = -4*d + 1909. What is the units digit of d?
5
Suppose p = -2*o + 112126, 4*p + 46*o = 44*o + 448510. What is the tens digit of p/90 + 10/75?
4
Let s(g) be the second derivative of 5*g**4/6 + 34*g**3/3 + 7*g**2/2 - 83*g. What is the hundreds digit of s(-8)?
1
Suppose -43*k + 481976 = 26*k + 19*k. What is the units digit of k?
7
Let q = 220 - 218. Let p(j) = 186*j - 32. What is the tens digit of p(q)?
4
Let x(f) = 42*f - 70. Suppose -3*a - 20*a + 345 = 0. What is the units digit of x(a)?
0
Suppose 6830 = 3*d - 6*a + 8*a, 20512 = 9*d - 5*a. What is the hundreds digit of d?
2
Suppose 54070 = 56*n - 51*n - 5*l, -3*l - 12 = 0. Suppose 0 = -0*a - 10*a + n. What is the tens digit of a?
8
Suppose 7*p = -3454 - 3959. Let u = -544 - p. What is the hundreds digit of u?
5
Let t be (-106310)/50 - (-1)/5. Let q = -1404 - t. What is the hundreds digit of q?
7
Suppose -441*x = -432*x + 135. Let h(g) = -g**3 - 17*g**2 - 24. Let v(k) = k**3 + 18*k**2 + 25. Let b(u) = -3*h(u) - 2*v(u). What is the tens digit of b(x)?
2
Suppose 5*v - 2*s = -1395, 5*s + 1083 = -v - 3*v. Let y = -164 - v. What is the units digit of y?
3
What is the thousands digit of 59978087/2015 - -1*(-2)/(-10)?
9
Let y(x) = -156*x + 14905. What is the tens digit of y(92)?
5
Suppose -9*z = -4*z + 65. Let p = 75 - z. What is the units digit of p?
8
Let x be (-14 + -79)*(-1)/((-6)/22). Let b = 868 + x. Suppose -3*k + b = r, -k + r + 159 = -2*r. What is the tens digit of k?
7
Let o = -39 + 23. Let j be 10 + (8/o)/((-1)/(-6)). Suppose -5*x + 4 = -c, -3*c + j + 23 = -x. What is the tens digit of c?
1
Let h(f) = 127*f**2 + 13*f - 2. Let l = 651 - 648. What is the hundreds digit of h(l)?
1
Let y(t) = t**2 - 12*t + 39. Let l(n) = n - 5. Let q be l(11). Suppose h - 2 = 5*f, q*f - 2*f - 25 = -3*h. What is the units digit of y(h)?
4
Let z(w) be the third derivative of -w**4/24 + 7*w**3/6 + 9*w**2 - 1. What is the tens digit of z(-11)?
1
Let x(n) = n**3 + n**2 + 1. Let u(y) = 4*y**3 - 5*y**2 + 4*y - 8. Let d(v) = u(v) - 6*x(v). Let b be d(-6). What is the units digit of (b/(-2))/((78/12)/13)?
2
Suppose 7*y + 16*y - 1540606 = -86*y. What is the thousands digit of y?
4
Suppose -110*w - 2862 = -2*c - 104*w, 0 = -5*c + 2*w + 7129. What is the hundreds digit of c?
4
Let r(n) = -3*n + 5. Let x be r(2). Suppose 0 = 6*p + 849 - 69. What is the tens digit of (-3 - (x - 3))/((-2)/p)?
6
Suppose -171334 = 11*t - 648107. What is the tens digit of t?
4
Let u be 3/(-6)*7/(21/(-30)). Suppose -6*v + 44 = u*v. Suppose -3*g + 20 = -2*x, v*g - 27 = x + 2*x. What is the units digit of g?
6
Suppose 0 = -12*m + 1446 + 4146. Suppose 5*i + 2*b - 692 = 0, 4*i - 5*b - m = 81. What is the tens digit of i?
3
Let g = -1322 + 9861. What is the thousands digit of g?
8
Suppose 291*d - 292*d + 4 = 0. Suppose -1086 = -d*r + 2050. What is the hundreds digit of r?
7
Let q(x) = -4*x**2 - 7*x + 34. Let u(p) = 4*p**2 + 7*p - 33. Let b(o) = -5*q(o) - 6*u(o). Let c be b(7). What is the hundreds digit of 0 - c - 3/((-9)/(-6))?
2
Let a(q) = -q**3 + 2*q + 810. What is the tens digit of a(0)?
1
Let t(l) = 2*l**2 - 75*